late the highest common factor of 38 and 133.
19
Calculate the highest common divisor of 90 and 162.
18
What is the greatest common divisor of 46587 and 159?
159
What is the highest common factor of 2835 and 35?
35
What is the highest common factor of 1197 and 189?
63
Calculate the highest common factor of 905 and 5.
5
What is the greatest common factor of 322 and 2300?
46
Calculate the greatest common divisor of 1326 and 117.
39
Calculate the greatest common factor of 16 and 36.
4
What is the greatest common factor of 65 and 80405?
65
What is the greatest common divisor of 108 and 3996?
108
What is the highest common divisor of 5346 and 90?
18
What is the highest common factor of 160 and 6560?
160
Calculate the greatest common factor of 238 and 136.
34
What is the greatest common factor of 9 and 2?
1
What is the highest common divisor of 670 and 10?
10
Calculate the highest common divisor of 63 and 1008.
63
Calculate the greatest common factor of 992 and 186.
62
What is the greatest common factor of 162 and 189?
27
What is the greatest common factor of 33 and 55?
11
Calculate the greatest common divisor of 29 and 38019.
29
What is the highest common divisor of 55 and 385?
55
What is the highest common factor of 175 and 105?
35
Calculate the greatest common factor of 27 and 837.
27
Calculate the greatest common divisor of 260 and 52.
52
Calculate the greatest common factor of 8028 and 18.
18
Calculate the greatest common factor of 470 and 94.
94
Calculate the highest common divisor of 2896 and 48.
16
What is the highest common factor of 20 and 7390?
10
Calculate the greatest common factor of 42 and 350.
14
Calculate the greatest common factor of 1308 and 30.
6
Calculate the highest common factor of 21 and 1533.
21
Calculate the highest common divisor of 2255 and 220.
55
Calculate the greatest common divisor of 759 and 429.
33
What is the highest common factor of 234 and 36?
18
What is the greatest common factor of 37 and 22681?
37
Calculate the highest common divisor of 6 and 8.
2
Calculate the highest common factor of 84 and 276.
12
What is the highest common divisor of 784 and 1232?
112
Calculate the greatest common divisor of 378 and 28.
14
Calculate the highest common factor of 13 and 20527.
13
What is the greatest common factor of 24 and 11208?
24
Calculate the highest common divisor of 4 and 176.
4
Calculate the highest common factor of 138 and 69.
69
What is the greatest common factor of 88 and 1518?
22
Calculate the greatest common divisor of 22 and 352.
22
What is the greatest common divisor of 64 and 208?
16
Calculate the greatest common factor of 63 and 18.
9
What is the greatest common factor of 1860 and 15?
15
Calculate the greatest common factor of 62 and 15593.
31
What is the highest common divisor of 27 and 621?
27
What is the highest common divisor of 7 and 28?
7
Calculate the greatest common factor of 924 and 1716.
132
Calculate the greatest common divisor of 574 and 42.
14
What is the highest common divisor of 2 and 1322?
2
What is the highest common factor of 1258 and 74?
74
Calculate the greatest common factor of 390 and 80.
10
Calculate the highest common divisor of 117 and 13.
13
Calculate the greatest common divisor of 39 and 2587.
13
Calculate the greatest common factor of 85 and 6885.
85
Calculate the highest common divisor of 22 and 36.
2
What is the highest common divisor of 268 and 5025?
67
What is the highest common divisor of 308 and 28?
28
Calculate the highest common divisor of 22286 and 44.
22
Calculate the greatest common divisor of 320 and 180.
20
What is the greatest common divisor of 132 and 231?
33
Calculate the greatest common factor of 26 and 4498.
26
Calculate the highest common factor of 720 and 840.
120
Calculate the greatest common factor of 65 and 745.
5
What is the greatest common factor of 53 and 4611?
53
Calculate the greatest common factor of 1035 and 2875.
115
Calculate the greatest common factor of 86 and 1462.
86
What is the greatest common divisor of 18157 and 134?
67
Calculate the greatest common divisor of 2808 and 108.
108
What is the highest common factor of 316 and 395?
79
Calculate the highest common divisor of 105 and 2835.
105
What is the greatest common divisor of 18 and 726?
6
What is the highest common factor of 3 and 16?
1
What is the greatest common factor of 320 and 30?
10
What is the highest common divisor of 11 and 3839?
11
Calculate the highest common factor of 126 and 777.
21
What is the highest common factor of 19 and 2603?
19
What is the greatest common factor of 146644 and 244?
244
What is the greatest common factor of 80 and 700?
20
Calculate the greatest common factor of 156 and 1430.
26
Calculate the highest common factor of 46 and 1403.
23
Calculate the highest common factor of 2132 and 52.
52
What is the greatest common factor of 182 and 56?
14
What is the greatest common divisor of 1955 and 17?
17
What is the greatest common divisor of 42 and 10752?
42
What is the greatest common divisor of 68 and 3?
1
What is the greatest common divisor of 4 and 44?
4
What is the greatest common factor of 160 and 384?
32
Calculate the greatest common factor of 76 and 59812.
76
Calculate the highest common factor of 579 and 2702.
193
Calculate the greatest common factor of 231 and 4752.
33
What is the highest common divisor of 15 and 3435?
15
Calculate the greatest common divisor of 4 and 16.
4
What is the greatest common factor of 2345 and 175?
35
What is the greatest common factor of 1393 and 7?
7
Calculate the highest common factor of 40 and 5480.
40
Calculate the highest common divisor of 72 and 225.
9
Calculate the greatest common factor of 43069 and 39.
13
What is the greatest common divisor of 48 and 46?
2
Calculate the highest common factor of 20761 and 26.
13
Calculate the highest common divisor of 20975 and 50.
25
Calculate the greatest common divisor of 371 and 53.
53
Calculate the greatest common divisor of 1363 and 141.
47
Calculate the highest common factor of 144 and 40.
8
What is the greatest common factor of 2 and 42?
2
Calculate the greatest common factor of 1792 and 812.
28
What is the highest common factor of 76 and 513?
19
What is the greatest common divisor of 24 and 93?
3
Calculate the greatest common divisor of 5146 and 310.
62
Calculate the highest common factor of 118 and 2773.
59
Calculate the greatest common factor of 3000 and 48.
24
What is the greatest common divisor of 9 and 7083?
9
What is the greatest common factor of 246 and 42?
6
What is the highest common factor of 18 and 882?
18
Calculate the highest common divisor of 890 and 820.
10
What is the highest common divisor of 89 and 2581?
89
Calculate the greatest common divisor of 2513 and 14.
7
Calculate the greatest common divisor of 15 and 5385.
15
Calculate the greatest common divisor of 416 and 39.
13
What is the greatest common factor of 6 and 294?
6
What is the highest common divisor of 8 and 776?
8
Calculate the greatest common divisor of 405 and 225.
45
Calculate the greatest common divisor of 495 and 44.
11
What is the highest common factor of 480 and 100?
20
What is the highest common factor of 42 and 138?
6
Calculate the greatest common divisor of 27 and 57537.
27
What is the highest common divisor of 540 and 6345?
135
What is the greatest common factor of 637 and 13?
13
Calculate the greatest common factor of 87 and 501.
3
What is the highest common factor of 184 and 152?
8
Calculate the greatest common factor of 126 and 3987.
9
What is the highest common divisor of 31378 and 58?
58
What is the greatest common factor of 20 and 250?
10
What is the greatest common factor of 27 and 3?
3
Calculate the greatest common factor of 39 and 12.
3
Calculate the highest common divisor of 52 and 572.
52
What is the greatest common divisor of 130 and 70?
10
Calculate the greatest common divisor of 12 and 492.
12
Calculate the greatest common factor of 5844 and 24.
12
What is the highest common factor of 10 and 80?
10
What is the greatest common factor of 3796 and 104?
52
Calculate the greatest common divisor of 13281 and 57.
57
Calculate the highest common factor of 5410 and 60.
10
Calculate the greatest common factor of 612 and 144.
36
What is the greatest common factor of 60 and 2670?
30
Calcu